{"id":13,"date":"2022-02-15T16:20:11","date_gmt":"2022-02-15T19:20:11","guid":{"rendered":"https:\/\/dapwebsite.com.br\/portfolio3\/?page_id=13"},"modified":"2022-03-17T13:59:25","modified_gmt":"2022-03-17T16:59:25","slug":"blog","status":"publish","type":"page","link":"https:\/\/dapwebsite.com.br\/portfolio3\/blog\/","title":{"rendered":"Blog"},"content":{"rendered":"\t\t<div data-elementor-type=\"wp-page\" data-elementor-id=\"13\" class=\"elementor elementor-13\">\n\t\t\t\t\t\t<section class=\"elementor-section elementor-top-section elementor-element elementor-element-a460533 elementor-section-height-min-height elementor-section-boxed elementor-section-height-default elementor-section-items-middle\" data-id=\"a460533\" data-element_type=\"section\" data-settings=\"{&quot;background_background&quot;:&quot;classic&quot;}\">\n\t\t\t\t\t\t<div class=\"elementor-container elementor-column-gap-default\">\n\t\t\t\t\t<div class=\"elementor-column elementor-col-100 elementor-top-column elementor-element elementor-element-5e24e2b\" data-id=\"5e24e2b\" data-element_type=\"column\">\n\t\t\t<div class=\"elementor-widget-wrap elementor-element-populated\">\n\t\t\t\t\t\t<div class=\"elementor-element elementor-element-00e46b5 elementor-invisible elementor-widget elementor-widget-heading\" data-id=\"00e46b5\" data-element_type=\"widget\" data-settings=\"{&quot;_animation&quot;:&quot;fadeIn&quot;}\" data-widget_type=\"heading.default\">\n\t\t\t\t<div class=\"elementor-widget-container\">\n\t\t\t<h2 class=\"elementor-heading-title elementor-size-default\">Nosso Blog<\/h2>\t\t<\/div>\n\t\t\t\t<\/div>\n\t\t\t\t\t<\/div>\n\t\t<\/div>\n\t\t\t\t\t<\/div>\n\t\t<\/section>\n\t\t\t\t<section class=\"elementor-section elementor-top-section elementor-element elementor-element-c71c161 elementor-section-boxed elementor-section-height-default elementor-section-height-default\" data-id=\"c71c161\" data-element_type=\"section\">\n\t\t\t\t\t\t<div class=\"elementor-container elementor-column-gap-default\">\n\t\t\t\t\t<div class=\"elementor-column elementor-col-100 elementor-top-column elementor-element elementor-element-3b38fc1\" data-id=\"3b38fc1\" data-element_type=\"column\">\n\t\t\t<div class=\"elementor-widget-wrap elementor-element-populated\">\n\t\t\t\t\t\t<div class=\"elementor-element elementor-element-a2b5acb elementor-widget elementor-widget-heading\" data-id=\"a2b5acb\" data-element_type=\"widget\" data-settings=\"{&quot;_animation&quot;:&quot;none&quot;}\" data-widget_type=\"heading.default\">\n\t\t\t\t<div class=\"elementor-widget-container\">\n\t\t\t<h2 class=\"elementor-heading-title elementor-size-default\">Nosso Blog<\/h2>\t\t<\/div>\n\t\t\t\t<\/div>\n\t\t\t\t<div class=\"elementor-element elementor-element-5fa0358 elementor-invisible elementor-widget elementor-widget-heading\" data-id=\"5fa0358\" data-element_type=\"widget\" data-settings=\"{&quot;_animation&quot;:&quot;slideInUp&quot;}\" data-widget_type=\"heading.default\">\n\t\t\t\t<div class=\"elementor-widget-container\">\n\t\t\t<h2 class=\"elementor-heading-title elementor-size-default\">Atualiza\u00e7\u00f5es todos os dias, com os melhores conte\u00fado <\/h2>\t\t<\/div>\n\t\t\t\t<\/div>\n\t\t\t\t<div class=\"elementor-element elementor-element-4e4d5b6 elementor-posts--align-left elementor-grid-3 elementor-grid-tablet-2 elementor-grid-mobile-1 elementor-posts--thumbnail-top elementor-invisible elementor-widget elementor-widget-posts\" data-id=\"4e4d5b6\" data-element_type=\"widget\" data-settings=\"{&quot;classic_row_gap&quot;:{&quot;unit&quot;:&quot;px&quot;,&quot;size&quot;:&quot;&quot;,&quot;sizes&quot;:[]},&quot;_animation&quot;:&quot;zoomIn&quot;,&quot;classic_row_gap_mobile&quot;:{&quot;unit&quot;:&quot;px&quot;,&quot;size&quot;:34,&quot;sizes&quot;:[]},&quot;classic_columns&quot;:&quot;3&quot;,&quot;classic_columns_tablet&quot;:&quot;2&quot;,&quot;classic_columns_mobile&quot;:&quot;1&quot;,&quot;classic_row_gap_tablet&quot;:{&quot;unit&quot;:&quot;px&quot;,&quot;size&quot;:&quot;&quot;,&quot;sizes&quot;:[]}}\" data-widget_type=\"posts.classic\">\n\t\t\t\t<div class=\"elementor-widget-container\">\n\t\t\t\t\t<div class=\"elementor-posts-container elementor-posts elementor-posts--skin-classic elementor-grid\">\n\t\t\t\t<article class=\"elementor-post elementor-grid-item post-146 post type-post status-publish format-standard has-post-thumbnail hentry category-sem-categoria\">\n\t\t\t\t<a class=\"elementor-post__thumbnail__link\" href=\"https:\/\/dapwebsite.com.br\/portfolio3\/voce-realmente-sabe-como-escovar-os-dentes\/\" >\n\t\t\t<div class=\"elementor-post__thumbnail\"><img fetchpriority=\"high\" decoding=\"async\" width=\"1000\" height=\"667\" src=\"https:\/\/dapwebsite.com.br\/portfolio3\/wp-content\/uploads\/2022\/02\/pretty-young-woman-brushing-her-teeth-in-the-bathroom-1.jpg\" class=\"attachment-full size-full wp-image-326\" alt=\"\" srcset=\"https:\/\/dapwebsite.com.br\/portfolio3\/wp-content\/uploads\/2022\/02\/pretty-young-woman-brushing-her-teeth-in-the-bathroom-1.jpg 1000w, https:\/\/dapwebsite.com.br\/portfolio3\/wp-content\/uploads\/2022\/02\/pretty-young-woman-brushing-her-teeth-in-the-bathroom-1-300x200.jpg 300w, https:\/\/dapwebsite.com.br\/portfolio3\/wp-content\/uploads\/2022\/02\/pretty-young-woman-brushing-her-teeth-in-the-bathroom-1-768x512.jpg 768w\" sizes=\"(max-width: 1000px) 100vw, 1000px\" \/><\/div>\n\t\t<\/a>\n\t\t\t\t<div class=\"elementor-post__text\">\n\t\t\t\t<h3 class=\"elementor-post__title\">\n\t\t\t<a href=\"https:\/\/dapwebsite.com.br\/portfolio3\/voce-realmente-sabe-como-escovar-os-dentes\/\" >\n\t\t\t\tVoc\u00ea realmente sabe como escovar os dentes?\t\t\t<\/a>\n\t\t<\/h3>\n\t\t\t\t<div class=\"elementor-post__meta-data\">\n\t\t\t\t\t<span class=\"elementor-post-date\">\n\t\t\t16 de fevereiro de 2022\t\t<\/span>\n\t\t\t\t<\/div>\n\t\t\n\t\t<a class=\"elementor-post__read-more\" href=\"https:\/\/dapwebsite.com.br\/portfolio3\/voce-realmente-sabe-como-escovar-os-dentes\/\" aria-label=\"Read more about Voc\u00ea realmente sabe como escovar os dentes?\" >\n\t\t\tLEIA MAIS\t\t<\/a>\n\n\t\t\t\t<\/div>\n\t\t\t\t<\/article>\n\t\t\t\t<article class=\"elementor-post elementor-grid-item post-144 post type-post status-publish format-standard has-post-thumbnail hentry category-sem-categoria\">\n\t\t\t\t<a class=\"elementor-post__thumbnail__link\" href=\"https:\/\/dapwebsite.com.br\/portfolio3\/conheca-como-nossas-cirurgias-sao-feitas\/\" >\n\t\t\t<div class=\"elementor-post__thumbnail\"><img decoding=\"async\" width=\"370\" height=\"238\" src=\"https:\/\/dapwebsite.com.br\/portfolio3\/wp-content\/uploads\/2022\/02\/Camada-637.png\" class=\"attachment-full size-full wp-image-44\" alt=\"\" srcset=\"https:\/\/dapwebsite.com.br\/portfolio3\/wp-content\/uploads\/2022\/02\/Camada-637.png 370w, https:\/\/dapwebsite.com.br\/portfolio3\/wp-content\/uploads\/2022\/02\/Camada-637-300x193.png 300w\" sizes=\"(max-width: 370px) 100vw, 370px\" \/><\/div>\n\t\t<\/a>\n\t\t\t\t<div class=\"elementor-post__text\">\n\t\t\t\t<h3 class=\"elementor-post__title\">\n\t\t\t<a href=\"https:\/\/dapwebsite.com.br\/portfolio3\/conheca-como-nossas-cirurgias-sao-feitas\/\" >\n\t\t\t\tConhe\u00e7a como nossas cirurgias s\u00e3o feitas\t\t\t<\/a>\n\t\t<\/h3>\n\t\t\t\t<div class=\"elementor-post__meta-data\">\n\t\t\t\t\t<span class=\"elementor-post-date\">\n\t\t\t16 de fevereiro de 2022\t\t<\/span>\n\t\t\t\t<\/div>\n\t\t\n\t\t<a class=\"elementor-post__read-more\" href=\"https:\/\/dapwebsite.com.br\/portfolio3\/conheca-como-nossas-cirurgias-sao-feitas\/\" aria-label=\"Read more about Conhe\u00e7a como nossas cirurgias s\u00e3o feitas\" >\n\t\t\tLEIA MAIS\t\t<\/a>\n\n\t\t\t\t<\/div>\n\t\t\t\t<\/article>\n\t\t\t\t<article class=\"elementor-post elementor-grid-item post-66 post type-post status-publish format-standard has-post-thumbnail hentry category-sem-categoria\">\n\t\t\t\t<a class=\"elementor-post__thumbnail__link\" href=\"https:\/\/dapwebsite.com.br\/portfolio3\/venha-para-nossa-clinica-e-volte-a-sorrir-novamente\/\" >\n\t\t\t<div class=\"elementor-post__thumbnail\"><img decoding=\"async\" width=\"370\" height=\"238\" src=\"https:\/\/dapwebsite.com.br\/portfolio3\/wp-content\/uploads\/2022\/02\/Camada-638.png\" class=\"attachment-full size-full wp-image-45\" alt=\"\" srcset=\"https:\/\/dapwebsite.com.br\/portfolio3\/wp-content\/uploads\/2022\/02\/Camada-638.png 370w, https:\/\/dapwebsite.com.br\/portfolio3\/wp-content\/uploads\/2022\/02\/Camada-638-300x193.png 300w\" sizes=\"(max-width: 370px) 100vw, 370px\" \/><\/div>\n\t\t<\/a>\n\t\t\t\t<div class=\"elementor-post__text\">\n\t\t\t\t<h3 class=\"elementor-post__title\">\n\t\t\t<a href=\"https:\/\/dapwebsite.com.br\/portfolio3\/venha-para-nossa-clinica-e-volte-a-sorrir-novamente\/\" >\n\t\t\t\tVenha para nossa cl\u00ednica e volte a sorrir novamente\t\t\t<\/a>\n\t\t<\/h3>\n\t\t\t\t<div class=\"elementor-post__meta-data\">\n\t\t\t\t\t<span class=\"elementor-post-date\">\n\t\t\t15 de fevereiro de 2022\t\t<\/span>\n\t\t\t\t<\/div>\n\t\t\n\t\t<a class=\"elementor-post__read-more\" href=\"https:\/\/dapwebsite.com.br\/portfolio3\/venha-para-nossa-clinica-e-volte-a-sorrir-novamente\/\" aria-label=\"Read more about Venha para nossa cl\u00ednica e volte a sorrir novamente\" >\n\t\t\tLEIA MAIS\t\t<\/a>\n\n\t\t\t\t<\/div>\n\t\t\t\t<\/article>\n\t\t\t\t<\/div>\n\t\t\n\t\t\t\t<\/div>\n\t\t\t\t<\/div>\n\t\t\t\t\t<\/div>\n\t\t<\/div>\n\t\t\t\t\t<\/div>\n\t\t<\/section>\n\t\t\t\t<\/div>\n\t\t","protected":false},"excerpt":{"rendered":"<p>Nosso Blog Nosso Blog Atualiza\u00e7\u00f5es todos os dias, com os melhores conte\u00fado<\/p>\n","protected":false},"author":1,"featured_media":0,"parent":0,"menu_order":0,"comment_status":"closed","ping_status":"closed","template":"elementor_header_footer","meta":{"footnotes":""},"class_list":["post-13","page","type-page","status-publish","hentry"],"_links":{"self":[{"href":"https:\/\/dapwebsite.com.br\/portfolio3\/wp-json\/wp\/v2\/pages\/13"}],"collection":[{"href":"https:\/\/dapwebsite.com.br\/portfolio3\/wp-json\/wp\/v2\/pages"}],"about":[{"href":"https:\/\/dapwebsite.com.br\/portfolio3\/wp-json\/wp\/v2\/types\/page"}],"author":[{"embeddable":true,"href":"https:\/\/dapwebsite.com.br\/portfolio3\/wp-json\/wp\/v2\/users\/1"}],"replies":[{"embeddable":true,"href":"https:\/\/dapwebsite.com.br\/portfolio3\/wp-json\/wp\/v2\/comments?post=13"}],"version-history":[{"count":0,"href":"https:\/\/dapwebsite.com.br\/portfolio3\/wp-json\/wp\/v2\/pages\/13\/revisions"}],"wp:attachment":[{"href":"https:\/\/dapwebsite.com.br\/portfolio3\/wp-json\/wp\/v2\/media?parent=13"}],"curies":[{"name":"wp","href":"https:\/\/api.w.org\/{rel}","templated":true}]}}